{"id":1424,"date":"2019-04-05T10:35:59","date_gmt":"2019-04-05T08:35:59","guid":{"rendered":"https:\/\/przybecki.pl\/przybecki\/cases\/strajk-nauczycieli-doradztwo-dla-dyrektorow-szkol\/"},"modified":"2023-08-10T09:52:37","modified_gmt":"2023-08-10T07:52:37","slug":"strajk-nauczycieli-doradztwo-dla-dyrektorow-szkol","status":"publish","type":"cases","link":"https:\/\/przybecki.pl\/pl\/sprawy\/strajk-nauczycieli-doradztwo-dla-dyrektorow-szkol\/","title":{"rendered":"Strajk nauczycieli &#8211; doradztwo dla dyrektor\u00f3w szk\u00f3\u0142"},"content":{"rendered":"","protected":false},"featured_media":0,"template":"","categories":[12],"class_list":["post-1424","cases","type-cases","status-publish","hentry","category-sektor-dzialalnosci"],"acf":{"show_bold_title":false},"_links":{"self":[{"href":"https:\/\/przybecki.pl\/pl\/wp-json\/wp\/v2\/cases\/1424","targetHints":{"allow":["GET"]}}],"collection":[{"href":"https:\/\/przybecki.pl\/pl\/wp-json\/wp\/v2\/cases"}],"about":[{"href":"https:\/\/przybecki.pl\/pl\/wp-json\/wp\/v2\/types\/cases"}],"wp:attachment":[{"href":"https:\/\/przybecki.pl\/pl\/wp-json\/wp\/v2\/media?parent=1424"}],"wp:term":[{"taxonomy":"category","embeddable":true,"href":"https:\/\/przybecki.pl\/pl\/wp-json\/wp\/v2\/categories?post=1424"}],"curies":[{"name":"wp","href":"https:\/\/api.w.org\/{rel}","templated":true}]}}

Strajk nauczycieli &#8211; doradztwo dla dyrektorów szkół
