{"id":1389,"date":"2016-11-18T11:55:48","date_gmt":"2016-11-18T10:55:48","guid":{"rendered":"https:\/\/przybecki.pl\/przybecki\/cases\/korzystna-decyzja-wojewody-zespol-palacowo-parkowy\/"},"modified":"2023-08-30T13:41:44","modified_gmt":"2023-08-30T11:41:44","slug":"korzystna-decyzja-wojewody-zespol-palacowo-parkowy","status":"publish","type":"cases","link":"https:\/\/przybecki.pl\/pl\/sprawy\/korzystna-decyzja-wojewody-zespol-palacowo-parkowy\/","title":{"rendered":"Korzystna decyzja wojewody &#8211; zesp\u00f3\u0142 pa\u0142acowo-parkowy"},"content":{"rendered":"","protected":false},"featured_media":0,"template":"","categories":[18,12],"class_list":["post-1389","cases","type-cases","status-publish","hentry","category-reprywatyzacja","category-sektor-dzialalnosci"],"acf":{"show_bold_title":false},"_links":{"self":[{"href":"https:\/\/przybecki.pl\/pl\/wp-json\/wp\/v2\/cases\/1389","targetHints":{"allow":["GET"]}}],"collection":[{"href":"https:\/\/przybecki.pl\/pl\/wp-json\/wp\/v2\/cases"}],"about":[{"href":"https:\/\/przybecki.pl\/pl\/wp-json\/wp\/v2\/types\/cases"}],"wp:attachment":[{"href":"https:\/\/przybecki.pl\/pl\/wp-json\/wp\/v2\/media?parent=1389"}],"wp:term":[{"taxonomy":"category","embeddable":true,"href":"https:\/\/przybecki.pl\/pl\/wp-json\/wp\/v2\/categories?post=1389"}],"curies":[{"name":"wp","href":"https:\/\/api.w.org\/{rel}","templated":true}]}}

Korzystna decyzja wojewody &#8211; zespół pałacowo-parkowy
