{"id":1289,"date":"2012-10-23T12:00:00","date_gmt":"2012-10-23T10:00:00","guid":{"rendered":"https:\/\/przybecki.pl\/przybecki\/cases\/zasiedzenie-kamienicy-na-kazimierzu-w-krakowie-odpowiedz-na-skarge-kasacyjna-prokuratorii-generalnej-skarbu-panstwa\/"},"modified":"2023-09-06T12:36:43","modified_gmt":"2023-09-06T10:36:43","slug":"zasiedzenie-kamienicy-na-kazimierzu-w-krakowie-odpowiedz-na-skarge-kasacyjna-prokuratorii-generalnej-skarbu-panstwa","status":"publish","type":"cases","link":"https:\/\/przybecki.pl\/pl\/sprawy\/zasiedzenie-kamienicy-na-kazimierzu-w-krakowie-odpowiedz-na-skarge-kasacyjna-prokuratorii-generalnej-skarbu-panstwa\/","title":{"rendered":"Zasiedzenie kamienicy na Kazimierzu w Krakowie &#8211; odpowied\u017a na skarg\u0119 kasacyjn\u0105 Prokuratorii Generalnej Skarbu Pa\u0144stwa"},"content":{"rendered":"","protected":false},"featured_media":0,"template":"","categories":[7,12],"class_list":["post-1289","cases","type-cases","status-publish","hentry","category-nieruchomosci-i-budownictwo","category-sektor-dzialalnosci"],"acf":{"show_bold_title":false},"_links":{"self":[{"href":"https:\/\/przybecki.pl\/pl\/wp-json\/wp\/v2\/cases\/1289","targetHints":{"allow":["GET"]}}],"collection":[{"href":"https:\/\/przybecki.pl\/pl\/wp-json\/wp\/v2\/cases"}],"about":[{"href":"https:\/\/przybecki.pl\/pl\/wp-json\/wp\/v2\/types\/cases"}],"wp:attachment":[{"href":"https:\/\/przybecki.pl\/pl\/wp-json\/wp\/v2\/media?parent=1289"}],"wp:term":[{"taxonomy":"category","embeddable":true,"href":"https:\/\/przybecki.pl\/pl\/wp-json\/wp\/v2\/categories?post=1289"}],"curies":[{"name":"wp","href":"https:\/\/api.w.org\/{rel}","templated":true}]}}

Zasiedzenie kamienicy na Kazimierzu w Krakowie &#8211; odpowiedź na skargę kasacyjną Prokuratorii Generalnej Skarbu Państwa
