{"id":1183,"date":"2014-08-01T12:00:00","date_gmt":"2014-08-01T10:00:00","guid":{"rendered":"https:\/\/przybecki.pl\/przybecki\/cases\/samorzadowe-instytucje-kultury-odwolanie-ewy-wojciak\/"},"modified":"2023-09-04T13:41:45","modified_gmt":"2023-09-04T11:41:45","slug":"samorzadowe-instytucje-kultury-odwolanie-ewy-wojciak","status":"publish","type":"cases","link":"https:\/\/przybecki.pl\/pl\/sprawy\/samorzadowe-instytucje-kultury-odwolanie-ewy-wojciak\/","title":{"rendered":"Samorz\u0105dowe instytucje kultury &#8211; odwo\u0142anie Ewy W\u00f3jciak"},"content":{"rendered":"","protected":false},"featured_media":0,"template":"","categories":[12],"class_list":["post-1183","cases","type-cases","status-publish","hentry","category-sektor-dzialalnosci"],"acf":{"show_bold_title":false},"_links":{"self":[{"href":"https:\/\/przybecki.pl\/pl\/wp-json\/wp\/v2\/cases\/1183","targetHints":{"allow":["GET"]}}],"collection":[{"href":"https:\/\/przybecki.pl\/pl\/wp-json\/wp\/v2\/cases"}],"about":[{"href":"https:\/\/przybecki.pl\/pl\/wp-json\/wp\/v2\/types\/cases"}],"wp:attachment":[{"href":"https:\/\/przybecki.pl\/pl\/wp-json\/wp\/v2\/media?parent=1183"}],"wp:term":[{"taxonomy":"category","embeddable":true,"href":"https:\/\/przybecki.pl\/pl\/wp-json\/wp\/v2\/categories?post=1183"}],"curies":[{"name":"wp","href":"https:\/\/api.w.org\/{rel}","templated":true}]}}

Samorządowe instytucje kultury &#8211; odwołanie Ewy Wójciak
